Calculate j(-12).
-11
Let b be 56/28 + (-2 - -61). Let r(u) = 26*u + 0*u**2 - b*u - 3 + 40*u + u**2. Calculate r(-4).
-7
Let m(c) = 5*c + 2. Let s(j) = 8*j - 14. Let t be s(-4). Let v = t + 37. Let k be (6/v)/((-12)/(-54)). Calculate m(k).
-13
Let i be -2 + 2 + 2 + -2. Let o(h) be the third derivative of -h**6/120 - h**4/12 + 7*h**3/3 + h**2 - 17*h - 1. What is o(i)?
14
Let a(t) be the first derivative of -10*t**2 + 214 + 23*t - 1/3*t**3. Determine a(-21).
2
Let y(k) = -48*k**2 - 13*k - 15. Let d(t) = -113*t**2 - 25*t - 29. Let r(i) = 3*d(i) - 7*y(i). Give r(9).
-81
Let g(v) = 6*v + 2 + 7 - v**3 - 8*v**2 + 2*v**3. Let j be -3 + 10*2 + 10 + -12. Let u be 56/(-12)*j/(-10). Give g(u).
2
Let o(z) = -15*z + 4*z - 17724*z**2 + 17722*z**2 - 2*z - 6*z + 11. Give o(-10).
1
Let p(b) = 2*b**2 - 14*b + 6. Suppose z - 9*l - 6 = -8*l, -4*z + 2*l = -26. What is p(z)?
6
Let b = -10138 - -10148. Let h(i) = i**2 - 29*i + 190. Calculate h(b).
0
Let y = 38 + 82. Let h = -122 + y. Let r(s) = 12*s**2 - 3*s - 1. Give r(h).
53
Let x = 102 + -99. Let o(q) = 0*q**x - 4*q + 6 - q**3 - 4 + 3*q**2. Let a(y) = 2*y - 28. Let g be a(15). Give o(g).
-2
Let h(m) = 0 + 129*m**3 + 10*m + 1 - 8*m**2 + 9 - 130*m**3 + 0. What is h(-9)?
1
Let y(p) = -p**2 - 8*p - 13. Suppose -3*q + 3*f + 177 = -8*q, -2*f + 182 = -5*q. Let v be (-37)/7 + q/(-126). What is y(v)?
2
Suppose 3*c + 28*v - 31*v = -78, 5*v + 110 = -5*c. Let f(x) = 2*x + 59. Calculate f(c).
11
Let t = 171 - 175. Let h(n) = n**2 - 2. Let y(q) = 3*q**2 + 8*q - 4. Let v(o) = t*h(o) + y(o). Determine v(7).
11
Let n = 1113 - -28. Let x(r) = -5 - n*r - 2 + 1147*r. What is x(5)?
23
Let n(q) = q**2 - 19*q - 416. Suppose u = 28*j - 32*j + 3, -20 = -5*j. What is n(u)?
0
Let p(a) = 2*a**2 - 55*a + 87. Let g(f) = f**2 + 18*f - 3493. Let s be g(-69). Determine p(s).
9
Let b(x) = 5*x**2 + 3*x + 2. Let c(y) = -4*y**2 - 20*y - 6. Let o(l) = -b(l) - c(l). Calculate o(18).
-14
Let n = 41427 - 41433. Suppose 0 = 5*k - 4*v - 10 - 4, -2*v - 2 = 0. Let l(f) = 2*f + k*f - 3*f + 7. Calculate l(n).
1
Let z(c) = -112*c + 961. Let l(v) = 23*v - 194. Let j(n) = -29*l(n) - 6*z(n). Determine j(26).
-10
Let h(r) be the second derivative of 7*r**4/12 + 5*r**3/6 + 3*r**2/2 - 2312*r. Calculate h(3).
81
Let k(d) = 4*d. Let r = -30 + 11. Let i = r - -30. Let q be 130/(-110) + 2/i. Calculate k(q).
-4
Suppose -120*t = 1269 - 1989. Let r(u) = -9*u + 54. Determine r(t).
0
Suppose 13*q - 5*r - 5 = 8*q, -2*r + 6 = 0. Let m(i) = i**2 - 7*i + 10. Determine m(q).
-2
Let b(n) = -n**3 - 7*n**2 - 5*n + 3. Suppose -150 = -33*k + 23*k. Suppose -401*q + k = -404*q. Calculate b(q).
-22
Let i(f) = -119 - 3*f**3 - 4*f**2 + f + 2*f**3 + 121. Let m be i(-2). Let r(z) = z - 106 + 101 + 0*z**2 + z**2 + 7*z. Calculate r(m).
-5
Suppose -2*k - 8 + 2 = 0. Let g(l) be the second derivative of -3/2*l**2 + 0 + 47*l - 5/6*l**3 - 1/12*l**4. Give g(k).
3
Let a(g) = -g. Let b(p) = p**2 - 9*p - 33. Let c(o) = -6*a(o) + b(o). Calculate c(0).
-33
Let a(f) = -34*f + 43*f - f**2 - 7 - 8*f + 1 - 2*f. What is a(-4)?
-18
Let h(x) = 3*x**2 + 11*x - 7. Suppose -18*l - 153 = 19*l - 5. Calculate h(l).
-3
Let r(v) = -v**2 - 14*v + 10. Let z(x) = x + 3. Let a(q) = -r(q) - 6*z(q). Calculate a(-9).
-19
Suppose -11 = -5*v + 14. Let h(j) = 161*j - 4. Let m(c) = 107*c - 5. Let r(z) = -2*h(z) + 3*m(z). Give r(v).
-12
Let y(g) = -88*g**2 - 9. Let p(f) = 90*f**2 + 12. Let z(j) = 3*p(j) + 4*y(j). What is z(-1)?
-82
Let l(d) = -19*d - 8. Let c be (-215)/(-55) + (-23)/(-253). What is l(c)?
-84
Let k(b) = 824*b - 28 - 274*b - 275*b - 270*b. Calculate k(5).
-3
Let n(g) = -2*g + 1. Let m(y) = -y**2 - 4*y + 9. Let c be m(-5). Suppose -c*s - 3*z + 65 = s, -4*z + 30 = s. Let v(b) = -2*b + 18. Let h be v(s). What is n(h)?
5
Let p(y) = -2*y**3 + y**2 - 5*y + 7. Let j(m) = -m**3 - 2*m + 3. Let a(q) = -7*j(q) + 4*p(q). Let v be 20/(-5) - (156/(-429) - (-219)/(-33)). What is a(v)?
-2
Suppose 3*v - 25 = -2*v - a, -4*a = 5*v - 25. Suppose 0 = 6*y - 41 + v. Let u(z) be the first derivative of -z**4/4 + 2*z**3 - z**2/2 + 2*z + 4. Determine u(y).
-4
Let w(j) = -5*j**2 - 64*j + 21. Let s(k) = -k**2 - 13*k + 4. Let g(m) = 29*s(m) - 6*w(m). Determine g(-8).
-2
Let p be 3/18*3*((-1120)/(-7))/10. Let d(z) = -z**2 + 11*z - 7. Calculate d(p).
17
Let p(i) = -64*i - 125*i**2 + 75*i + 124*i**2 + 6 - 18. Give p(11).
-12
Suppose -4*f - 9 = 3*c + 3, -2*c = -3*f + 8. Suppose f = 3*v + 4*t - 7, 2*v + t - 7 = 3*v. Let p(x) = -x**3 - 3*x**2 + 3*x - 3. Determine p(v).
-12
Let h(f) = f**3 - 7*f**2 + 3*f + 4. Suppose -2*n - v - 3*v = -88, 0 = 2*n - 4*v - 64. Let b = n + -32. Calculate h(b).
-14
Let u(s) = -s**2 - 11*s - 8. Suppose -4*y - y + 445 = -5*k, k + 86 = 4*y. Let a be k/11 + 12 + (-260)/22. Determine u(a).
16
Let c(z) be the first derivative of z**4/4 + 3*z**3 + 6*z**2 + 270. Calculate c(-7).
14
Let o(i) = -2*i**3 + 2*i**2 + 5*i - 2. Suppose 5*b = -3*z - 120 + 36, -140 = 5*z - 4*b. Let d be 3/(-7)*z/4. Determine o(d).
-23
Let v(h) = h**3 + 5*h**2. Suppose 426*s + 6 = 424*s. Let n be (14/105*10)/(s/9). What is v(n)?
16
Let o be (-3*(-8)/28)/(69/(-322)). Let f(j) = -5*j + 6. Determine f(o).
26
Let g(h) = -5*h**2 + 9*h + 16. Let i(f) = -15*f**2 + 29*f + 51. Let b(t) = 10*g(t) - 3*i(t). Determine b(-2).
-19
Let c(m) = -4*m**2 + 2*m + 2. Let z(x) = -2*x**3 - 10*x + 11. Let i be z(1). Determine c(i).
-4
Let y(l) = -8 + 4*l**2 - 4*l + 2*l + 12 - 4*l**3 + 3*l**3. Let i = 23 - 19. Calculate y(i).
-4
Suppose -4*b + 96 = -0*b - 5*i, -3*b + 72 = 5*i. Suppose b = -9*q - 3. Let x(f) = -2*f**2 - 2*f - 2. Determine x(q).
-14
Let j(g) be the third derivative of g**5/60 + 11*g**4/24 - 2*g**3/3 - g**2. Suppose 5*m = -4*a - 15, 0 = -3*m - 35*a + 31*a - 1. Determine j(m).
-32
Let y(i) be the second derivative of -i**4/12 + 4*i**3/3 - 13*i**2 + 218*i. Let g(u) = -2*u**2 + 17*u - 51. Let j(p) = 6*g(p) - 11*y(p). What is j(13)?
-7
Suppose -23*v = -29*v - 42. Let g(u) be the third derivative of -5*u**2 + 1/3*u**4 + 1/60*u**5 + 0*u + 0 + 1/3*u**3. Calculate g(v).
-5
Let y(d) be the second derivative of d**6/120 - d**5/30 + d**4/8 - d**3/6 + 43*d**2/2 - d + 7. Let l(h) be the first derivative of y(h). Give l(2).
5
Let y(n) be the second derivative of 4*n**3/3 + 17*n**2/2 + 12*n + 7. Let c(q) = 19*q + 33. Let b(p) = -2*c(p) + 5*y(p). What is b(-7)?
5
Let n(m) = 0*m + 20 - 9*m**2 + 13*m + 14*m**2 + m**3 + 0*m**3 + 8*m**2. Calculate n(-12).
8
Let k = -164 - -182. Suppose -4*t + 5*b + 7 = 34, -2*t = 2*b + k. Let s(f) = -f - 3. What is s(t)?
5
Suppose -1760 = -7*r - 3*r. Let m = r + -179. Let x(b) = -2*b + 4. Determine x(m).
10
Let y(q) be the third derivative of 5*q**4/24 - q**3/6 - 2*q**2. Suppose -m = -2*c - 5*m + 28, -5*m = 4*c - 41. Determine y(c).
19
Let a be -3*(1 + (-2 - 1)). Let b = -201 - -204. Let f be b + a/(-15)*(2 + 8). Let o(k) = -k**3 - k**2 + k + 1. Calculate o(f).
0
Let y be 22/26 + 14/91. Let r(i) be the third derivative of 7*i**5/30 + 3*i**2. What is r(y)?
14
Let p be ((-440)/(-60))/((-4)/(-6)). Let t(r) = -7 + 6*r - 1 - p*r - r**2 + 2*r**2. Calculate t(7).
6
Let f = -72 + 74. Suppose k - 3*v = 6, 3*k + f*k + 4*v - 125 = 0. Let o be 10/(-1)*k/(-42). Let s(l) = -l + 12. Give s(o).
7
Let d(m) = 2*m**3 + 5*m**2 - 2*m - 5. Suppose 446*r - 293 + 1185 = 0. What is d(r)?
3
Let v = 651 - 648. Let x be (v - 0)*104/(-312). Let h(m) = -m. What is h(x)?
1
Let i(q) = -16 + 23 - 9 - 2*q. Let f(t) = -t - 1. Let m(r) = 5*f(r) - 2*i(r). Let g be m(-10). Let o(c) = c - 9. Give o(g).
0
Let u(z) be the third derivative of z**5/60 + 7*z**4/24 - z**3/3 + z**2. Let d(t) = -t**3 - 14*t**2 + 74*t + 28. Let y be d(-18). Give u(y).
6
Let h(j) = 15 - 3 - 3*j + j. Let c be 0*(1/(-4) - (-5 - -5)). Suppose 219*r - 226*r + 63 = c. Calculate h(r).
-6
Let y be (-40592)/160 - (-6)/(-20). Let p = y - -256. Let w(f) = f + 1. Let n(a) = -3*a - 4. Let i(s) = -6*n(s) - 21*w(s). Give i(p).
-3
Let f be -1 + 3 + (-3 - -4). Let a(i) = -i. Let g(h) = 15*h + 1. Let l(t) = -43*t - 4. Let v(q) = 17*g(q) + 6*l(q). Let n(y) = 4*a(y) - v(y). Give n(f).
4
Let o(b) = b**3 - 3*b**2 - 8*b + 3. Let g(a) = -3*a**2 + 14. Let p be g(3). Let w(f) = 2*f**2 - 9*f. Let m be w(6). Let y = p + m. What is o(y)?
13
Let q(w) be the first derivative of -25*w**3/3 + w**2 + w + 29. Let n be 13 - (-924)/(-70) - 8/10. Calc